5
Let r = 25 - 23. Suppose 0 = -6*y + r*y - g + 31, -y = -g - 14. What is the units digit of y?
9
Let t(j) = -j**3 - 11*j**2 - 13*j + 3. What is the tens digit of t(-10)?
3
Suppose 1 + 5 = 3*m. Suppose 0 = i - m*i - 7. What is the units digit of (4 + -1)*i/(-3)?
7
Let p = -21 - -23. Suppose -7*n + 3*n + 50 = p*r, 5*n = r - 4. What is the tens digit of r?
1
Suppose s - 3 + 0 = 0. Suppose 2*b - s*p - 1 = 0, 4 = 2*b + 2*b - 4*p. Suppose -h = b - 3. What is the units digit of h?
1
What is the tens digit of (-3)/(-5)*(-3 + -2) - -17?
1
Suppose 4*o = 93 - 29. What is the tens digit of o?
1
Suppose s = 2*s - 4. Suppose -g - 3*g = -3*a - s, 5*a + g = 24. Suppose a*q - 12 = 4. What is the units digit of q?
4
Let j be (2/2)/(4/(-48)). Let z = 18 + j. What is the units digit of z?
6
Suppose -4*q = -3 - 5. Suppose -3*a + q*g + 18 = 0, 0*a - g = 3*a - 18. What is the units digit of a?
6
Suppose -u - u - 2 = 0. What is the units digit of 4*-1 - u - -7?
4
Suppose 3*h - 2*q + 1 = -3, -2*h + 5*q - 21 = 0. Suppose -h*y = -0 - 6. Suppose -50 = -y*f - o, 4*f - 18 = 4*o + 22. What is the tens digit of f?
1
Let j = -50 + 167. What is the units digit of j?
7
Let a be 2/6 - 355/(-15). What is the tens digit of (-14)/4*a/(-4)?
2
Suppose 0*n + 2*n + 22 = 0. Let q = n - -20. What is the units digit of q?
9
Let a(q) = 4*q**2. Let t be a(-1). Suppose 4*d = 5*s + 16, 2*d = t*s + 7*d + 21. What is the tens digit of s/(-2) - (-2 - 8)?
1
Let p be -2 + 34 - (-2 + 3). Let y(f) = f**2 - 7*f + 9. Let b be y(8). Let i = p - b. What is the tens digit of i?
1
Let i(d) = -d - 4. Let h be i(-4). Suppose -3*v + 7*v - 24 = h. What is the units digit of v?
6
Suppose -3 + 1 = 2*f + 2*t, 0 = -f + 4*t + 19. Suppose 4*a = -2*g + 80, 3*g + f*a = 102 + 33. What is the units digit of g?
0
Let a be -2*2*(-2)/(-8). Let l(o) = 2*o**2 + 2*o + 1. What is the units digit of l(a)?
1
Let n = -3 + 4. Let v(h) = 8*h**2. What is the units digit of v(n)?
8
Let j(k) = -43*k + 5. Let p be j(-5). What is the tens digit of (-8)/(-28) - p/(-14)?
1
Let d = 0 - -2. Suppose 4*m + 4*a = 24, -d*m + 4 = -3*a + 7. What is the units digit of m?
3
Let x(f) = -13*f + 4. Let w(u) = -u + 1. Let z(c) = -6*w(c) + x(c). Let n = -32 + 30. What is the tens digit of z(n)?
1
Let k = -29 + 83. Suppose -2*q + k = -16. What is the tens digit of q?
3
Let h(o) = -o**3 + o**2 - 3. Let y be h(0). Let s = y + -2. Let n = -4 - s. What is the units digit of n?
1
Let m(b) = b. Let y(h) = h - 1. Let i(n) = -5*m(n) + 3*y(n). Let u be i(-2). Let x = 6 - u. What is the units digit of x?
5
Suppose 13*a = 15*a - 34. What is the tens digit of a?
1
Suppose 24 = 4*x - 0. What is the units digit of x/27 + (-16)/(-9)?
2
Let j(l) = l**2 - 3*l + 10. What is the units digit of j(-6)?
4
Suppose -u = 4*r - 41 - 19, -415 = -5*u + 3*r. What is the units digit of u?
0
Let q(p) = -p**2 + p + 4. Let t be q(3). Let c(d) = 3*d**2 + 2*d - 2. What is the units digit of c(t)?
6
Suppose 2*l + f = 0, f = 4*l - 7*l + 2. Suppose -l*w + 2 + 2 = 0. What is the units digit of -6*(-3)/w + -2?
7
What is the tens digit of -74*((-10)/4 + 1)?
1
Let o(d) = -6*d - 11. Let h be o(11). Let c = -52 - h. What is the tens digit of c?
2
Suppose -3*u + 6 = -2*x, -4*u = 2*x - 6*x - 16. Let i(l) = -l - 3. Let n be i(x). Suppose 4*y + 0*z = n*z + 35, y = -5*z + 26. What is the tens digit of y?
1
Let m(s) = s + 7. Let c be m(-7). Let x = c - -2. What is the units digit of x?
2
Suppose -2*n = -0*n + 48. Let x = -11 - n. What is the tens digit of x?
1
Let d = 10 - 6. Suppose d*m + 35 = 155. Suppose -3*y + m = -3. What is the units digit of y?
1
Let g(a) = 3*a. Let y(r) = -7*r + 1. Let h(o) = 9*g(o) + 4*y(o). Let p be h(2). Suppose p*k + 2*k - 5*n + 21 = 0, 25 = 5*k + 4*n. What is the units digit of k?
1
Let x = -7 + 12. Suppose -5*b = -x*l + 5, -2*l - 2*b + b + 14 = 0. Suppose k + k = 5*j - 4, 0 = 5*k - l*j - 20. What is the units digit of k?
8
Let u(p) be the first derivative of p**3/3 - 7*p**2/2 - 10*p + 2. What is the units digit of u(9)?
8
Suppose -v = -3*p + 17, -3*p - 3*v - v + 7 = 0. Let o(x) = -x**2 + 6*x - 1. What is the units digit of o(p)?
4
Let i(a) be the third derivative of a**4/24 + 2*a**3 - 2*a**2. Let g be i(-9). Let m(d) = d**2 + 3*d - 1. What is the units digit of m(g)?
7
Suppose 0 = r - 2*s + 12, 5*s = -2*r + 4*s - 49. Let h = r - -54. Suppose -f + 2*b = -16, -3*f + f - 5*b + h = 0. What is the tens digit of f?
1
Let o = 0 - 0. Suppose 3*u - 29 = -3*i - u, -4*i + u + 7 = o. Suppose -2*m - i = -3*m. What is the units digit of m?
3
Let f(w) = w**2 - 3*w - 8. Let k be f(8). Let n = 65 - k. What is the units digit of n?
3
Let b = -1 + 5. Suppose 0 = -2*k - a + 83 - 25, 0 = k - b*a - 11. What is the units digit of k?
7
Let z = 376 - 250. What is the units digit of z?
6
Suppose -68 = -4*w - 3*r, 3*w - 2*r - 46 = -3*r. Let i(u) = 2*u**2 + 2. Let j be i(-2). Let m = w - j. What is the units digit of m?
4
Let m = -3 + 145. What is the hundreds digit of m?
1
Let y be (0/6)/(2 + 0). Suppose y = -o - 0*o + 21. What is the units digit of (-6)/o + 195/21?
9
Let g be 106/(-14) + (-6)/14. Let z be (g/(-10))/(8/100). Let p = z - 4. What is the units digit of p?
6
Let a(w) = -3*w + 1. Let j be a(-6). Let s = j - 16. What is the units digit of s?
3
Let u = 13 + -2. Let s = u - 6. Suppose -s*k + 4 = o, -o + 5*k + 52 = 2*o. What is the units digit of o?
4
What is the tens digit of ((-96)/(-14))/((-6)/(-42))?
4
Let h(u) = u**3 - 10*u**2 + 7*u - 3. Let f be h(8). Let b = 106 + f. What is the units digit of b?
1
Suppose 22 = 5*x - 3. Suppose -5*m - 5*s + 35 = 0, -x*m + 5*s + 26 = -29. What is the units digit of m?
9
Let i(p) = -p + 6. Let s be i(3). Let d be 0 - 0 - (2 - 2). Suppose -90 = -5*c - z - s*z, d = 4*z - 20. What is the units digit of c?
4
Let t = 39 + -24. What is the tens digit of t?
1
Let a be 2/(-3) + (-2)/6. What is the units digit of 4 + a + 2 + 2?
7
Suppose -3*y + 4*y = 31. What is the tens digit of y?
3
Suppose 2*l + 0 + 4 = 4*t, -19 = -4*l - t. Suppose -4*a + 9 = -l*o - 3, -4*a + o + 9 = 0. What is the units digit of a?
2
Let h be 7/42 - 65/(-6). Suppose h = 4*n - 3*n. What is the units digit of n?
1
Let z be 1*(-9)/(-6)*2. Suppose 2*k - z*y + 14 = 5, 12 = 4*k + 4*y. Suppose k = -5*w + g + 26, -42 = -8*w + 3*w - 3*g. What is the units digit of w?
6
Suppose -4*f + 260 = -5*h, 0*f + 3*h - 65 = -f. What is the units digit of f?
5
Suppose 0*f = -2*f - 2*t, t - 12 = 5*f. Let d = f - 0. What is the units digit of 1/d*1*-2?
1
Let z be (-2095)/(-35) - 1/(-7). Suppose b + 2*b - z = 0. What is the tens digit of b?
2
Let z(g) = -2*g + 12. What is the units digit of z(-9)?
0
Let a = -7 - -5. Let b(m) be the first derivative of m**3/3 - m**2/2 - m + 3. What is the units digit of b(a)?
5
Let i be (-32)/(-6) - (-2)/(-6). Suppose 2*d - i*v + 3*v = 22, -2*d + 19 = -v. Let o(l) = l**2 - 7*l - 1. What is the units digit of o(d)?
7
Let o(i) = i + 3. Suppose -16 = 2*x - 6*x - 2*s, -2*x + 3*s + 24 = 0. What is the units digit of o(x)?
9
Suppose -1 = 4*n - 17. Let j = -18 - -30. Suppose j - n = l. What is the units digit of l?
8
Let y = -2 - -3. Let l(s) = 29*s**2 - 2*s + 1. Let c be l(y). Suppose 4*t - c = 16. What is the tens digit of t?
1
Let f = -58 + 103. What is the tens digit of f?
4
Let p = -93 - -129. What is the tens digit of p?
3
Let r(v) = v**3 - 12*v**2 + 12*v - 9. Let q(k) = k**3 + k**2 + k + 11. Let x be q(0). What is the units digit of r(x)?
2
Let q(f) = 2*f - 1. Suppose -n - 2*b + 0*b + 7 = 0, -4*n + 31 = 5*b. Let u be 48/n + (-4)/(-6). What is the tens digit of q(u)?
1
Let y be (-1 - -2) + 0 + 1. Let a(g) = -6 - g - 6*g - y*g - 2*g**2 + g**2. What is the units digit of a(-7)?
8
Let a(r) = r + 6. Suppose -4 - 11 = -3*t. What is the units digit of a(t)?
1
Let g(k) = k + 1 + 3*k - 6*k**2 + k**3 + 4. Let s be g(5). Let r(j) = -j**3 + j + 1. What is the units digit of r(s)?
1
Let t be (-501)/(-33) + (-16)/88. Let y(l) = -l**2 + 8*l - 7. Let b be y(6). Suppose -4*g + b = -t. What is the units digit of g?
5
What is the tens digit of (9/15)/((-4)/(-380))?
5
Suppose -10*x + 11*x - 131 = 0. What is the units digit of x?
1
Let d(a) = a**3 - 8*a**2 - 9*a + 5. Suppose 27 = 3*c - 0*c. Let q be d(c). Let v = -3 + q. What is the units digit of v?
2
Let b = -45 - 19. Let s = 106 + b. Suppose -3